{"id":9,"date":"2019-07-07T21:23:42","date_gmt":"2019-07-07T19:23:42","guid":{"rendered":"http:\/\/nouveausite.cetaradio.fr\/cetawp\/?page_id=9"},"modified":"2025-03-20T11:15:20","modified_gmt":"2025-03-20T10:15:20","slug":"a-propos-de","status":"publish","type":"page","link":"https:\/\/nouveausite.cetaradio.fr\/cetawp\/index.php\/a-propos-de\/","title":{"rendered":"\u00c0 propos de CETA Radio"},"content":{"rendered":"<p style=\"text-align: center;\"><strong>CETA Radio <\/strong><\/p>\n<p style=\"text-align: center;\"><strong>est une Webradio associative (Loi 1901) des Hauts de France bas\u00e9e \u00e0 SALLAUMINES.<\/strong><\/p>\n<p style=\"text-align: center;\"><strong>Vous allez d\u00e9couvrir avec les sous menu de ce site<\/strong><\/p>\n<p style=\"text-align: left;\"><em><strong>La Team<\/strong><\/em> de CETA Radio, tous b\u00e9n\u00e9voles, qui ont pour seul but de d\u00e9velopper la webradio &#8230; votre webradio !<\/p>\n<p><strong><em>Le programme<\/em><\/strong> de diffusion d&rsquo;\u00e9missions et de musiques NON-STOP de CETA Radio du Lundi au Dimanche<\/p>\n<p style=\"text-align: left;\"><em><strong>Les Ev\u00e9nements<\/strong><\/em> pr\u00e9vus car pour faire vivre la radio nous participons et animons divers \u00e9v\u00e9nements<\/p>\n<p style=\"text-align: left;\"><strong><em>Les Galeries Photo et Vid\u00e9o <\/em><\/strong>pour conna\u00eetre un peu plus la webradio mais aussi vous donner un visuel des \u00e9missions pass\u00e9es et pr\u00e9sentes.<\/p>\n<p style=\"text-align: left;\"><em><strong>Partenariats et Donations\u00a0<\/strong><\/em>pour conna\u00eetre nos soutiens ainsi que les diff\u00e9rents liens pour nous soutenir (Donations, etc&#8230;)<\/p>\n<p style=\"text-align: left;\"><em><strong>Adh\u00e9sion<\/strong><\/em> \u00e0 CETA Radio afin de faire partie de l&rsquo;\u00e9quipe et r\u00e9aliser des \u00e9missions et des chroniques, etc&#8230;<\/p>\n<p style=\"text-align: left;\"><em><strong>Les Podcasts<\/strong><\/em>\u00a0 pour \u00e9couter les rediffusions de vos \u00e9missions.<\/p>\n","protected":false},"excerpt":{"rendered":"<p>CETA Radio est une Webradio associative (Loi 1901) des Hauts de France bas\u00e9e \u00e0 SALLAUMINES. Vous allez d\u00e9couvrir avec les sous menu de ce site La Team de CETA Radio, tous b\u00e9n\u00e9voles, qui ont pour seul but de d\u00e9velopper la webradio &#8230; votre webradio ! Le programme de diffusion d&rsquo;\u00e9missions et de musiques NON-STOP de &hellip; <\/p>\n<p class=\"link-more\"><a href=\"https:\/\/nouveausite.cetaradio.fr\/cetawp\/index.php\/a-propos-de\/\" class=\"more-link\">Continuer la lecture<span class=\"screen-reader-text\"> de &laquo;&nbsp;\u00c0 propos de CETA Radio&nbsp;&raquo;<\/span><\/a><\/p>\n","protected":false},"author":1,"featured_media":443,"parent":0,"menu_order":0,"comment_status":"closed","ping_status":"closed","template":"","meta":{"h5ap_radio_sources":[],"footnotes":""},"class_list":["post-9","page","type-page","status-publish","has-post-thumbnail","hentry"],"_links":{"self":[{"href":"https:\/\/nouveausite.cetaradio.fr\/cetawp\/index.php\/wp-json\/wp\/v2\/pages\/9","targetHints":{"allow":["GET"]}}],"collection":[{"href":"https:\/\/nouveausite.cetaradio.fr\/cetawp\/index.php\/wp-json\/wp\/v2\/pages"}],"about":[{"href":"https:\/\/nouveausite.cetaradio.fr\/cetawp\/index.php\/wp-json\/wp\/v2\/types\/page"}],"author":[{"embeddable":true,"href":"https:\/\/nouveausite.cetaradio.fr\/cetawp\/index.php\/wp-json\/wp\/v2\/users\/1"}],"replies":[{"embeddable":true,"href":"https:\/\/nouveausite.cetaradio.fr\/cetawp\/index.php\/wp-json\/wp\/v2\/comments?post=9"}],"version-history":[{"count":14,"href":"https:\/\/nouveausite.cetaradio.fr\/cetawp\/index.php\/wp-json\/wp\/v2\/pages\/9\/revisions"}],"predecessor-version":[{"id":5250,"href":"https:\/\/nouveausite.cetaradio.fr\/cetawp\/index.php\/wp-json\/wp\/v2\/pages\/9\/revisions\/5250"}],"wp:featuredmedia":[{"embeddable":true,"href":"https:\/\/nouveausite.cetaradio.fr\/cetawp\/index.php\/wp-json\/wp\/v2\/media\/443"}],"wp:attachment":[{"href":"https:\/\/nouveausite.cetaradio.fr\/cetawp\/index.php\/wp-json\/wp\/v2\/media?parent=9"}],"curies":[{"name":"wp","href":"https:\/\/api.w.org\/{rel}","templated":true}]}}